{"id":3975,"date":"2021-05-09T17:34:27","date_gmt":"2021-05-10T00:34:27","guid":{"rendered":"https:\/\/connectnw.net\/comcast-washington\/?page_id=3975"},"modified":"2021-08-20T16:16:56","modified_gmt":"2021-08-20T23:16:56","slug":"bellingham-wa-espanol","status":"publish","type":"page","link":"https:\/\/connectnw.net\/comcast-washington\/bellingham-wa-espanol\/","title":{"rendered":"Bellingham WA espanol"},"content":{"rendered":"<p><div class=\"fusion-fullwidth fullwidth-box fusion-builder-row-1 fusion-parallax-fixed nonhundred-percent-fullwidth non-hundred-percent-height-scrolling\" style=\"background-color: rgba(255,255,255,0);background-image: url(&quot;https:\/\/connectnw.net\/comcast-washington\/wp-content\/uploads\/2018\/01\/Comcast-wa.jpg&quot;);background-position: center center;background-repeat: no-repeat;padding-top:100px;padding-right:0px;padding-bottom:100px;padding-left:0px;margin-bottom: 0px;margin-top: 0px;border-width: 0px 0px 0px 0px;border-color:#eae9e9;border-style:solid;-webkit-background-size:cover;-moz-background-size:cover;-o-background-size:cover;background-size:cover;background-attachment:fixed;\" ><div class=\"fusion-builder-row fusion-row\"><div class=\"fusion-layout-column fusion_builder_column fusion-builder-column-0 fusion_builder_column_1_1 1_1 fusion-one-full fusion-column-first fusion-column-last\" style=\"margin-top:0px;margin-bottom:0px;\"><div class=\"fusion-column-wrapper fusion-flex-column-wrapper-legacy\" style=\"background-position:left top;background-repeat:no-repeat;-webkit-background-size:cover;-moz-background-size:cover;-o-background-size:cover;background-size:cover;padding: 0px 0px 0px 0px;\"><div class=\"fusion-aligncenter\"><style>.fusion-body .fusion-button.button-1 .fusion-button-text,.fusion-body .fusion-button.button-1 i{color:#ffffff;}.fusion-body .fusion-button.button-1{border-color:#ffffff;border-radius:2px 2px 2px 2px;background:#ff0000;}.fusion-body .fusion-button.button-1:hover .fusion-button-text,.fusion-body .fusion-button.button-1:hover i,.fusion-body .fusion-button.button-1:focus .fusion-button-text,.fusion-body .fusion-button.button-1:focus i,.fusion-body .fusion-button.button-1:active .fusion-button-text,.fusion-body .fusion-button.button-1:active i{color:#ff0000;}.fusion-body .fusion-button.button-1:hover,.fusion-body .fusion-button.button-1:active,.fusion-body .fusion-button.button-1:focus{border-color:#ff0000;background:#ffffff;}<\/style><a class=\"fusion-button button-flat button-xlarge button-custom button-1 fusion-button-default-span fusion-button-default-type\" target=\"_self\" href=\"tel:360-746-7030\"><span class=\"fusion-button-text\">Llame al: 360-746-7030<\/span><\/a><\/div><div class=\"fusion-sep-clear\"><\/div><div class=\"fusion-separator fusion-full-width-sep\" style=\"margin-left: auto;margin-right: auto;margin-top:5px;width:100%;\"><div class=\"fusion-separator-border sep-double\" style=\"border-color:#ffffff;border-top-width:0px;border-bottom-width:0px;\"><\/div><\/div><div class=\"fusion-sep-clear\"><\/div><div class=\"fusion-aligncenter\"><style>.fusion-body .fusion-button.button-2 .fusion-button-text,.fusion-body .fusion-button.button-2 i{color:#ffffff;}.fusion-body .fusion-button.button-2{border-color:#ffffff;border-radius:2px 2px 2px 2px;background:#ff0000;}.fusion-body .fusion-button.button-2:hover .fusion-button-text,.fusion-body .fusion-button.button-2:hover i,.fusion-body .fusion-button.button-2:focus .fusion-button-text,.fusion-body .fusion-button.button-2:focus i,.fusion-body .fusion-button.button-2:active .fusion-button-text,.fusion-body .fusion-button.button-2:active i{color:#ff0000;}.fusion-body .fusion-button.button-2:hover,.fusion-body .fusion-button.button-2:active,.fusion-body .fusion-button.button-2:focus{border-color:#ff0000;background:#ffffff;}<\/style><a class=\"fusion-button button-flat button-xlarge button-custom button-2 fusion-button-default-span fusion-button-default-type sg-popup-id-2981\" target=\"_self\" href=\"#\"><span class=\"fusion-button-text\">Solicita una cita<\/span><\/a><\/div><div class=\"fusion-text fusion-text-1\"><p style=\"text-align: center; font-size: 40px;\"><span style=\"color: #ffffff;\">Bienvenido al servicio de Internet de alta velocidad Xfinity\u00ae, telefon\u00eda para el hogar, seguridad para el hogar y televisi\u00f3n por cable el servicio est\u00e1 disponible en Bellingham WA. Direcci\u00f3n:<br \/>\n210 36th Street #110 Bellingham, WA 98225<br \/>\n<\/span><\/p>\n<\/div><div class=\"fusion-clearfix\"><\/div><\/div><\/div><\/div><\/div><div class=\"fusion-fullwidth fullwidth-box fusion-builder-row-2 hundred-percent-fullwidth non-hundred-percent-height-scrolling\" style=\"background-color: rgba(255,255,255,0);background-position: center center;background-repeat: no-repeat;padding-top:10px;padding-right:0px;padding-bottom:10px;padding-left:0px;margin-bottom: 0px;margin-top: 0px;border-width: 0px 0px 0px 0px;border-color:#eae9e9;border-style:solid;\" ><div class=\"fusion-builder-row fusion-row\"><div class=\"fusion-layout-column fusion_builder_column fusion-builder-column-1 fusion_builder_column_1_1 1_1 fusion-one-full fusion-column-first fusion-column-last\" style=\"margin-top:0px;margin-bottom:20px;\"><div class=\"fusion-column-wrapper fusion-flex-column-wrapper-legacy\" style=\"background-position:left top;background-repeat:no-repeat;-webkit-background-size:cover;-moz-background-size:cover;-o-background-size:cover;background-size:cover;padding: 0px 0px 0px 0px;\"><marquee behavior=scroll direction=\"left\" scrollamount=\"15\"><p style=\"font-size:45px; font-weight:bold; color:#f40303; text-align:center;\">\u00a1Residentes de Bellingham WA, ahorren en sus servicios de internet, televisi\u00f3n, seguridad para el hogar y automatizaci\u00f3n con Xfinity\u00ae!<\/p><\/marquee><div class=\"fusion-clearfix\"><\/div><\/div><\/div><\/div><\/div><div class=\"fusion-fullwidth fullwidth-box fusion-builder-row-3 hundred-percent-fullwidth non-hundred-percent-height-scrolling\" style=\"background-color: rgba(255,255,255,0);background-position: center center;background-repeat: no-repeat;padding-top:0px;padding-right:0px;padding-bottom:0px;padding-left:0px;margin-bottom: 0px;margin-top: 0px;border-width: 0px 0px 0px 0px;border-color:#eae9e9;border-style:solid;\" ><div class=\"fusion-builder-row fusion-row\"><div class=\"fusion-layout-column fusion_builder_column fusion-builder-column-2 fusion_builder_column_2_3 2_3 fusion-two-third fusion-column-first\" style=\"width:66.666666666667%;width:calc(66.666666666667% - ( ( 4% ) * 0.66666666666667 ) );margin-right: 4%;margin-top:0px;margin-bottom:20px;\"><div class=\"fusion-column-wrapper fusion-flex-column-wrapper-legacy\" style=\"background-position:left top;background-repeat:no-repeat;-webkit-background-size:cover;-moz-background-size:cover;-o-background-size:cover;background-size:cover;padding: 0px 0px 0px 0px;\"><div class=\"fusion-text fusion-text-2\"><h2 style=\"text-align: center;\"><em><b>Xfinity\u00ae <\/b>es l\u00edder en la industria del internet tanto por su alta velocidad como por su atenci\u00f3n al cliente. Con velocidades de hasta 1 gigabyte, es f\u00e1cilmente ver \u00e9l porque es as\u00ed. Nuestro servicio es super r\u00e1pido, siempre funcionando y muy seguro. Ll\u00e1manos hoy para ver si tu hogar o negocio califica para el servicio. <\/em><\/h2>\n<\/div><div class=\"fusion-text fusion-text-3\"><h1>Con el Internet Xfinity\u00ae: Avanza m\u00e1s, el m\u00e1s r\u00e1pido y barato en Bellingham WA<\/h1>\n<\/div><div class=\"fusion-text fusion-text-4\"><p>Bellingham es una magnifica ciudad ubicada en la sede del condado Whatcom. La ciudad est\u00e1 clasificada en el ranking como n\u00famero 13 en t\u00e9rminos de poblaci\u00f3n dentro del condado.<\/p>\n<p><strong>Historia <\/strong><\/p>\n<p>Este pueblo deriva su nombre de la Bah\u00eda Bellingham. Esta es la bah\u00eda en la cual el pueblo est\u00e1 situado. En junio de 1792, George Vancouver visit\u00f3 el \u00e1rea y nombr\u00f3 a la bah\u00eda en honor a Sir William Bellingham. Antes de la llegada de los asentamientos Euro-Americanos. Esta bah\u00eda fue la patria de pobladores de CoastSalish.<\/p>\n<p><strong>\u00c1rea <\/strong><\/p>\n<p>Bellingham est\u00e1 ubicada en 48\u00b045\u2032N 122\u00b029\u2032W (48.75, \u2212122.48). De acuerdo al Comit\u00e9 de Censos de los Estados Unidos, la ciudad ocupaba un \u00e1rea total de 28,90 millas cuadradas. De las cuales, 27,08 millas cuadradas son tierra, y las restantes 1,82 millas est\u00e1n cubiertas por agua.<\/p>\n<p><strong>Turismo<\/strong><\/p>\n<p>La ciudad presume de tener numerosos destinos tur\u00edsticos. Por ejemplo, tenemos el Parque Whatcom Falls. Este \u00faltimo es naturaleza en su m\u00e1s pura expresi\u00f3n. Tambi\u00e9n tenemos Sehome Hill Arboretum, el museo Whatcom, museo Light c\u00e1tcher, Mind portExhibits, lago Padden eIsla Lummi. Estos destinos asegurar\u00e1n que tus vacaciones ser\u00e1n usadas de una forma divertida y llena de diversi\u00f3n.<\/p>\n<\/div><div class=\"fusion-aligncenter\"><style>.fusion-body .fusion-button.button-3 .fusion-button-text,.fusion-body .fusion-button.button-3 i{color:#ffffff;}.fusion-body .fusion-button.button-3{border-color:#ffffff;border-radius:2px 2px 2px 2px;background:#ff0000;}.fusion-body .fusion-button.button-3:hover .fusion-button-text,.fusion-body .fusion-button.button-3:hover i,.fusion-body .fusion-button.button-3:focus .fusion-button-text,.fusion-body .fusion-button.button-3:focus i,.fusion-body .fusion-button.button-3:active .fusion-button-text,.fusion-body .fusion-button.button-3:active i{color:#ff0000;}.fusion-body .fusion-button.button-3:hover,.fusion-body .fusion-button.button-3:active,.fusion-body .fusion-button.button-3:focus{border-color:#ff0000;background:#ffffff;}<\/style><a class=\"fusion-button button-flat button-xlarge button-custom button-3 fusion-button-default-span fusion-button-default-type\" target=\"_self\" href=\"tel: 360-746-7030\"><span class=\"fusion-button-text\">Llame al: 360-746-7030<\/span><\/a><\/div><div class=\"fusion-sep-clear\"><\/div><div class=\"fusion-separator fusion-full-width-sep\" style=\"margin-left: auto;margin-right: auto;margin-top:5px;width:100%;\"><div class=\"fusion-separator-border sep-double\" style=\"border-color:#ffffff;border-top-width:0px;border-bottom-width:0px;\"><\/div><\/div><div class=\"fusion-sep-clear\"><\/div><div class=\"fusion-aligncenter\"><style>.fusion-body .fusion-button.button-4 .fusion-button-text,.fusion-body .fusion-button.button-4 i{color:#ffffff;}.fusion-body .fusion-button.button-4{border-color:#ffffff;border-radius:2px 2px 2px 2px;background:#ff0000;}.fusion-body .fusion-button.button-4:hover .fusion-button-text,.fusion-body .fusion-button.button-4:hover i,.fusion-body .fusion-button.button-4:focus .fusion-button-text,.fusion-body .fusion-button.button-4:focus i,.fusion-body .fusion-button.button-4:active .fusion-button-text,.fusion-body .fusion-button.button-4:active i{color:#ff0000;}.fusion-body .fusion-button.button-4:hover,.fusion-body .fusion-button.button-4:active,.fusion-body .fusion-button.button-4:focus{border-color:#ff0000;background:#ffffff;}<\/style><a class=\"fusion-button button-flat button-xlarge button-custom button-4 fusion-button-default-span fusion-button-default-type sg-popup-id-2981\" target=\"_self\" href=\"#\"><span class=\"fusion-button-text\">Solicita una cita<\/span><\/a><\/div><div class=\"fusion-clearfix\"><\/div><\/div><\/div><div class=\"fusion-layout-column fusion_builder_column fusion-builder-column-3 fusion_builder_column_1_3 1_3 fusion-one-third fusion-column-last\" style=\"width:33.333333333333%;width:calc(33.333333333333% - ( ( 4% ) * 0.33333333333333 ) );margin-top:0px;margin-bottom:20px;\"><div class=\"fusion-column-wrapper fusion-flex-column-wrapper-legacy\" style=\"background-position:left top;background-repeat:no-repeat;-webkit-background-size:cover;-moz-background-size:cover;-o-background-size:cover;background-size:cover;padding: 0px 0px 0px 0px;\"><iframe src=\"https:\/\/www.google.com\/maps\/embed?pb=!1m18!1m12!1m3!1d2631.58176460199!2d-122.47404838442779!3d48.73258277927534!2m3!1f0!2f0!3f0!3m2!1i1024!2i768!4f13.1!3m3!1m2!1s0x5485a3d03e91adbd%3A0x55581f11680904d2!2s210+36th+St%2C+Bellingham%2C+WA+98225%2C+USA!5e0!3m2!1sen!2sin!4v1548640262759\" width=\"450\" height=\"450\" frameborder=\"0\" style=\"border:0\" allowfullscreen><\/iframe><div class=\"fusion-text fusion-text-5\"><div class=\"fusion-text\">\n<div class=\"mod\" data-md=\"50\" data-hveid=\"153\" data-ved=\"0ahUKEwj2otaftsfYAhXEQI8KHVkbDN8QkCkImQEoATAS\">\n<div class=\"_cgc kno-fb-ctx\" data-hveid=\"154\" data-ved=\"0ahUKEwj2otaftsfYAhXEQI8KHVkbDN8QziAImgEoADAS\">\n<div class=\"r-ioqrKIre9eHM\">\n<h2><em><strong>Direcci\u00f3n: 210 36th Street #110 Bellingham, WA 98225<\/strong><\/em><\/h2>\n<h2><em><strong>\u00a0<\/strong><\/em><\/h2>\n<div><\/div>\n<\/div>\n<\/div>\n<\/div>\n<div class=\"mod\" data-md=\"1001\" data-hveid=\"168\" data-ved=\"0ahUKEwj2otaftsfYAhXEQI8KHVkbDN8QkCkIqAEoBzAY\">\n<div class=\"_eFb\">\n<div class=\"_mr kno-fb-ctx\" data-attrid=\"kc:\/location\/statistical_region:population\" data-ved=\"0ahUKEwj2otaftsfYAhXEQI8KHVkbDN8QyxMIqQEoADAY\"><\/div>\n<\/div>\n<\/div>\n<\/div>\n<\/div><div class=\"fusion-text fusion-text-6\"><div class=\"fusion-text\">\n<div class=\"mod\" data-md=\"50\" data-hveid=\"153\" data-ved=\"0ahUKEwj2otaftsfYAhXEQI8KHVkbDN8QkCkImQEoATAS\">\n<div class=\"_cgc kno-fb-ctx\" data-hveid=\"154\" data-ved=\"0ahUKEwj2otaftsfYAhXEQI8KHVkbDN8QziAImgEoADAS\">\n<div class=\"r-ioqrKIre9eHM\">\n<h2><strong><em>Ciudad de Bellingham en Washington<\/em> <\/strong><\/h2>\n<div class=\"kno-rdesc r-iopO6ROS_TnQ\">\n<p>Bellingham es una ciudad costera en el estado de Washington, cerca de la frontera con Canad\u00e1. Es un puerto de ferris que van hacia Alaska. Al este est\u00e1 Mount Baker, un enorme volc\u00e1n cubierto de nieve donde se puede practicar esqu\u00ed. En el centro de la ciudad, el Museo SPARK de Invenciones El\u00e9ctricas contiene exhibiciones pr\u00e1cticas de ciencia. El Museo Whatcom muestra arte, naturaleza e historia regional a trav\u00e9s de 3 sitios, incluido el edificio Lightcatcher con su pared curvada y transl\u00facida.<\/p>\n<\/div>\n<\/div>\n<\/div>\n<\/div>\n<p><strong>\u00c1rea<\/strong>: 74.82 kil\u00f3metros cuadrados.<\/p>\n<p><strong>Clima<\/strong>:\u00a0 8\u00b0C, Viento Suroeste a 21 km\/h, 77% de humedad<\/p>\n<p><strong>Poblaci\u00f3n: <\/strong>87,574 (2016)<\/p>\n<\/div>\n<\/div><div class=\"fusion-text fusion-text-7\"><p style=\"text-align: center; font-size: 25px; color: #000;\">Enlaces para n\u00fameros de utilidad<\/p>\n<p style=\"text-align: center;\"><span style=\"color: #ff0000;\"><strong>Cualquier llamada de emergencia: 911 <\/strong><\/span><\/p>\n<p style=\"text-align: center;\">Pregunta cualquier tipo de dudas<br \/>\nLlama al 1-844-USAGOV1 (1-844-872-4681)<\/p>\n<ul>\n<li style=\"text-align: center;\"><a href=\"https:\/\/www.usa.gov\/after-disaster\">Despu\u00e9s de un desastre.<\/a><\/li>\n<li style=\"text-align: center;\"><a href=\"https:\/\/www.usa.gov\/disaster-financial-help\">Asistencia financiera despu\u00e9s de un desastre.<\/a><\/li>\n<li style=\"text-align: center;\"><a href=\"https:\/\/www.usa.gov\/help-disaster-survivors\">Ayuda a los sobrevivientes de un desastre.<\/a><\/li>\n<li style=\"text-align: center;\"><a href=\"https:\/\/www.usa.gov\/prepare-for-disasters\">Preparaci\u00f3n para desastres y emergencias.<\/a><\/li>\n<\/ul>\n<\/div><div class=\"fusion-clearfix\"><\/div><\/div><\/div><\/div><\/div><div class=\"fusion-fullwidth fullwidth-box fusion-builder-row-4 nonhundred-percent-fullwidth non-hundred-percent-height-scrolling\" style=\"background-color: rgba(255,255,255,0);background-position: center center;background-repeat: no-repeat;padding-top:0px;padding-right:0px;padding-bottom:0px;padding-left:0px;margin-bottom: 0px;margin-top: 0px;border-width: 0px 0px 0px 0px;border-color:#eae9e9;border-style:solid;\" ><div class=\"fusion-builder-row fusion-row\"><div class=\"fusion-layout-column fusion_builder_column fusion-builder-column-4 fusion_builder_column_1_1 1_1 fusion-one-full fusion-column-first fusion-column-last\" style=\"margin-top:0px;margin-bottom:20px;\"><div class=\"fusion-column-wrapper fusion-flex-column-wrapper-legacy\" style=\"background-position:left top;background-repeat:no-repeat;-webkit-background-size:cover;-moz-background-size:cover;-o-background-size:cover;background-size:cover;padding: 0px 0px 0px 0px;\"><div class=\"fusion-widget-area fusion-widget-area-1 fusion-content-widget-area\"><style type=\"text\/css\">.fusion-widget-area-1 {padding:0px 0px 0px 0px;}.fusion-widget-area-1 .widget h4 {color:#333333;}.fusion-widget-area-1 .widget .heading h4 {color:#333333;}.fusion-widget-area-1 .widget h4 {font-size:13px;}.fusion-widget-area-1 .widget .heading h4 {font-size:13px;}<\/style><div class=\"fusion-additional-widget-content\"><\/div><\/div><div class=\"fusion-clearfix\"><\/div><\/div><\/div><\/div><\/div><\/p>\n","protected":false},"excerpt":{"rendered":"","protected":false},"author":2,"featured_media":0,"parent":0,"menu_order":0,"comment_status":"closed","ping_status":"closed","template":"100-width.php","meta":{"_monsterinsights_skip_tracking":false,"_monsterinsights_sitenote_active":false,"_monsterinsights_sitenote_note":"","_monsterinsights_sitenote_category":0,"footnotes":""},"class_list":["post-3975","page","type-page","status-publish","hentry"],"aioseo_notices":[],"_links":{"self":[{"href":"https:\/\/connectnw.net\/comcast-washington\/wp-json\/wp\/v2\/pages\/3975","targetHints":{"allow":["GET"]}}],"collection":[{"href":"https:\/\/connectnw.net\/comcast-washington\/wp-json\/wp\/v2\/pages"}],"about":[{"href":"https:\/\/connectnw.net\/comcast-washington\/wp-json\/wp\/v2\/types\/page"}],"author":[{"embeddable":true,"href":"https:\/\/connectnw.net\/comcast-washington\/wp-json\/wp\/v2\/users\/2"}],"replies":[{"embeddable":true,"href":"https:\/\/connectnw.net\/comcast-washington\/wp-json\/wp\/v2\/comments?post=3975"}],"version-history":[{"count":2,"href":"https:\/\/connectnw.net\/comcast-washington\/wp-json\/wp\/v2\/pages\/3975\/revisions"}],"predecessor-version":[{"id":4032,"href":"https:\/\/connectnw.net\/comcast-washington\/wp-json\/wp\/v2\/pages\/3975\/revisions\/4032"}],"wp:attachment":[{"href":"https:\/\/connectnw.net\/comcast-washington\/wp-json\/wp\/v2\/media?parent=3975"}],"curies":[{"name":"wp","href":"https:\/\/api.w.org\/{rel}","templated":true}]}}